alculate the remainder when 2 is divided by n.
0
Calculate the remainder when (-2)/4*-38 - 0 is divided by 7.
5
Suppose -5*c - 3*a - 10 = -8*a, 2*c - 5*a + 10 = 0. Suppose -3*v - 6 = -c*v. Calculate the remainder when 17 is divided by (-9)/2*(v + 0).
8
Let i(f) = f**3 + 4*f**2 - 3*f - 5. Suppose -k = 5*b + 3, k - 4*b = -3*k + 60. What is the remainder when k is divided by i(-4)?
5
Suppose -5*r - 4*d = -51, -6*d + 27 = r - d. Suppose 3*c = 4*t - 27, t = -2*t + 3*c + 24. What is the remainder when r is divided by t?
1
Let n(t) = 17*t**3 + t. What is the remainder when 88 is divided by n(1)?
16
Let h(r) = r**3 + 7*r**2 - 2*r + 6. Let f be h(-6). Let v = -30 + f. What is the remainder when 46/(4/(4 - 0)) is divided by v?
22
Calculate the remainder when 6 - ((-16)/(-4) - 1) is divided by 2.
1
What is the remainder when (-606)/(-10) - 18/(-45) is divided by 16?
13
Let m(j) = -j**2 + 6*j + 2. What is the remainder when 17 is divided by m(5)?
3
Let r = 69 - 39. Calculate the remainder when 88 is divided by r.
28
Let t(j) = j**3 - 2*j**2 - 2*j + 1. Let v be t(3). Let i(m) = 8. Let w(s) = s + 1. Let p(h) = -i(h) + 5*w(h). What is the remainder when p(v) is divided by 9?
8
Let z = 9 - -20. Calculate the remainder when z is divided by 11.
7
Suppose 3 = -2*p + 9. Suppose -p*q + 17 = 2*m, -42 = -3*q + m + 2*m. What is the remainder when 24 is divided by q?
6
Suppose 2*k + 42 = f + 5*k, 5*f - 3*k - 282 = 0. Let b(u) = 4*u - 2. Calculate the remainder when f is divided by b(4).
12
Let a(z) = z**2 - 3*z + 2. What is the remainder when a(10) is divided by 25?
22
Let u(i) = -i**3 + 5*i**2 + 8*i - 6. Let w be u(5). Suppose w = -4*c + 190. What is the remainder when c is divided by 10?
9
Suppose -4*r + 5 = 3*m + 19, 0 = 3*r + 15. Let x = -2 + 7. Calculate the remainder when x is divided by m.
1
What is the remainder when 172 is divided by 10/25 + 52/20*11?
27
Let j(k) = -k + 3. Let u be j(7). Let d(b) = -b**3 - 3*b**2 + 4*b + 6. What is the remainder when -3*2/(-12)*34 is divided by d(u)?
5
Let h(x) = x. Let t be h(4). Suppose -g = -t*g + 18. Calculate the remainder when -2 - (1 - -2)*-4 is divided by g.
4
Suppose 21 = -s + 4*s. Let c = -11 - -30. Calculate the remainder when c is divided by s.
5
Let n = 53 - 23. What is the remainder when n is divided by 0 - -13 - (-30)/10?
14
Suppose 4*g - 9 = 3. Suppose g*a + 10 = 8*a. Let p = 13 + a. What is the remainder when 44 is divided by p?
14
Suppose u - 5 + 1 = 0. Suppose -30 = -u*a + 150. Suppose -x + a = 4*x. Calculate the remainder when 17 is divided by x.
8
Suppose -2*t + 16 = 5*c, -7*c = -3*c - 16. Let s(f) = -f**3 + 7*f**2 + 3*f + 1. What is the remainder when s(7) is divided by ((-16)/(-12))/(t/(-18))?
10
Suppose 5 = n - 5. What is the remainder when 17 is divided by n?
7
Let g be ((-12)/(-9))/(2/9). Suppose 0 = -x - x + g. Suppose 0 = -y - 0*y + 1. Calculate the remainder when x is divided by y.
0
Let d = -8 + 27. Calculate the remainder when 72 is divided by d.
15
Suppose m + 4*i + 17 = 0, 6*m - 7 = 2*m - i. Suppose -j + 0*j + 179 = m*f, 295 = 5*f + j. Let q = -52 + 67. What is the remainder when f is divided by q?
13
Suppose -8*g + 8 = -4*g. Let t(u) = 2 - g*u + 0*u + 4*u. What is the remainder when t(7) is divided by 6?
4
Let z = 256 - 89. Calculate the remainder when z is divided by 10.
7
Let d(y) = -y - 10. Let z be d(-7). Let k be z*(2 + 0)/(-2). Suppose 0*n = k*n - 18. Calculate the remainder when 10 is divided by n.
4
Let y(i) = 0*i**3 - 2*i + i**3 - 6 - 3*i**2 + 6*i**2 + 6*i**2. Calculate the remainder when ((-23)/((-1)/1))/1 is divided by y(-9).
11
Suppose -i + 43 = 2*f, -5*i - 4*f = 120 - 347. Calculate the remainder when i is divided by 16.
15
Let r = -12 - -11. Let h(d) = 13*d**2 + 2*d + 1. Calculate the remainder when 46 is divided by h(r).
10
Let c = 62 + -30. Suppose -4*m = h - 64, -3*m - m + 4*h = -84. What is the remainder when c is divided by m?
15
Suppose -2*o + 48 = -22. Suppose 0 = -2*b - 10 + 74. Let p = -20 + b. What is the remainder when o is divided by p?
11
Let m(v) = v**2 + v - 7. Let a be m(-5). Suppose 3*y = 4*k - 29, 4 = -3*k - 2*y + a. What is the remainder when 9 is divided by k?
4
Suppose -3*b + 2*c + 3*c = -18, -2*b + 28 = 2*c. Calculate the remainder when b is divided by 6.
5
Let u = 169 + -108. Calculate the remainder when u is divided by 19.
4
Suppose c - 11 = -2*s + 4*c, 5*s - 59 = -3*c. Calculate the remainder when 37 is divided by (5 + -2 + s)*1.
11
Let h(f) = f - 1. Let y be h(-7). What is the remainder when 46 is divided by 18/y*(-16)/3?
10
What is the remainder when 38 is divided by 3 - (-17 - 0/2)?
18
Calculate the remainder when 278 is divided by 72/(-54) - (-344)/6.
54
Suppose -2*f = -7*f + 25. Suppose 0 = -a + f*a + 36. What is the remainder when 47 is divided by 2*6*(-12)/a?
15
Suppose 4*z + 2*x = z + 516, -3*x = -2*z + 344. Calculate the remainder when z/(-6)*(-6)/4 is divided by 15.
13
Calculate the remainder when (-462)/(-10) - (-40)/50 is divided by 12.
11
Let t = -1 - -1. Suppose -5*a + 3*u + 56 = t, 0*a + 2*a - u = 22. What is the remainder when 19 is divided by a?
9
Let l(r) = 3*r - 6. Let d be l(4). Suppose 0 = d*a - 2*a + 4. Let k(s) = -14*s - 1. Calculate the remainder when 25 is divided by k(a).
12
Let c(v) = -5*v**3 - v**2 - v - 6. Let p(d) = d**3. Let s(r) = -c(r) - 4*p(r). Suppose -3*m = -5*m. What is the remainder when 10 is divided by s(m)?
4
Suppose 5*x - 2*w - 78 = 0, 3*w - 2 = -2*x + 14. Calculate the remainder when 55 is divided by x.
13
Let m = 19 - 13. Suppose -3*z + 0*z + m = 0. Suppose z + 14 = 4*o. What is the remainder when 10 is divided by o?
2
Let y(b) = b + 3. Let u(l) = -3*l - 8. Let z(i) = -3*u(i) - 8*y(i). Let f be z(6). Let q = f + 17. What is the remainder when q is divided by 12?
11
Let m = 19 + 37. Suppose 2*f = -2*f + w + m, -2*w + 68 = 4*f. What is the remainder when 27 is divided by f?
12
Let j(n) = n. Let k(w) = -w**2 + 8*w - 2. Let q(y) = 4*j(y) - k(y). What is the remainder when 12 is divided by q(5)?
5
Calculate the remainder when 16 is divided by 2*(4/20 - 43/(-10)).
7
Let w(a) = -a**3 + 30*a**2 + 3*a - 58. What is the remainder when w(30) is divided by 10?
2
Suppose p - 3*p + 56 = 0. Suppose -75 = q - 6*q. Calculate the remainder when p is divided by q.
13
Suppose 2*r + 4*n - 37 = 41, 5*n = -5*r + 170. Calculate the remainder when r is divided by 10.
9
Let f = -38 + 55. Let c = 45 - f. What is the remainder when c is divided by 10?
8
Let w(p) = -p**3 + 8*p**2 - 8*p + 8. Let d be (-38)/(-6) - 1/3. Let x = 0 + 11. Calculate the remainder when w(d) is divided by x.
10
Let d = 1 + 1. Suppose -v = -13 + d. Calculate the remainder when 30 is divided by v.
8
Suppose -6*g + 16 = -26. Calculate the remainder when 9*3 + 0/1 is divided by g.
6
Suppose 9*p - p - 104 = 0. What is the remainder when p is divided by 4?
1
Let b = -3 + -4. Let m = 14 + b. Calculate the remainder when 20 is divided by m.
6
Let x be 0 + -2 + 5 + 1. Let i = 7 + -4. Suppose 5*p - 10 = -9*o + 4*o, 0 = i*p + x*o - 2. Calculate the remainder when p is divided by 4.
2
Let n(r) = r**3 - 7*r**2 + 7*r + 6. Calculate the remainder when 70 is divided by n(6).
10
Suppose -73 = -4*j + 3. What is the remainder when 52 is divided by j?
14
Let r = -117 - -31. Let l = -52 - r. Calculate the remainder when l is divided by 12.
10
Let r = 10 + -15. Let s(b) = b**2 + 5*b - 3. Let a be s(r). Calculate the remainder when 1/a + (-122)/(-6) is divided by 11.
9
Let r(w) = -w + 13. Let u be (-3)/(-6) - 2/4. Calculate the remainder when 23 is divided by r(u).
10
Let i(k) = k - 4. Let o be i(-9). Let j = o + 23. What is the remainder when 19 is divided by j?
9
Let t(b) be the second derivative of -b**3 + b - 5/2*b**2 + 0. What is the remainder when t(-6) is divided by 11?
9
Let v(y) = 4*y + 2. Calculate the remainder when v(3) is divided by 6.
2
Let h(i) = 4*i**3 - i**2 - 2*i + 3. Let x(j) = j**3 + 1. Let k(n) = -h(n) + 3*x(n). Let z be k(-2). What is the remainder when 58 is divided by 156/z - (-1)/2?
18
Calculate the remainder when -9 - -113 - (1 - 4) is divided by 27.
26
What is the remainder when 12 is divided by (1/(-2))/((-1)/10)?
2
Suppose -3*w + 18 = 2*n, -3*n - 2*n + 4*w + 68 = 0. What is the remainder when 32 is divided by n?
8
Suppose 2*f = 5*f - 36. Calculate the re